mainder when t is divided by p.
4
Suppose -8 = -5*w - l - 41, -2*l - 30 = 4*w. What is the remainder when 3 + (-3)/(w/16) is divided by 7?
4
Suppose -12*f + 7 + 29 = 0. Calculate the remainder when 44 is divided by f.
2
Let o(s) = s**3 + 7*s**2 - 7*s + 10. Let d be 4/3*(-7 + 1). Let u be o(d). Suppose -20 = -2*t - u*t. What is the remainder when 14 is divided by t?
4
Let p(r) = -r**3 - 9*r**2 - 15*r - 13. Let a be p(-9). Let n = -73 + a. Calculate the remainder when n is divided by 25.
24
Suppose 10*u = 12*u + 2. Calculate the remainder when -4 + 55 + u - -3 is divided by 9.
8
Let a be ((-1)/2)/(3/60). Let d = -23 + 13. What is the remainder when (-356)/d - 4/a is divided by 13?
10
Suppose 2*z + 4 = 3*z + o, 3*z - 2*o = 17. Suppose -4*g + 0*g + 223 = v, 850 = 4*v - z*g. Let d = -144 + v. Calculate the remainder when d is divided by 24.
23
Suppose 3*q - 671 = v - 221, -2*q = -2*v - 300. What is the remainder when q is divided by 18?
6
Let d(j) = 23*j - 162. Calculate the remainder when d(13) is divided by 20.
17
Let r be 86 - 6 - 3*-1. Suppose r = -4*t + 19. Let i = t + 29. What is the remainder when 25 is divided by i?
12
What is the remainder when 16 is divided by (-24)/(-9)*((-126)/(-12) - 6)?
4
Let z(y) = 15*y**3 + y**2 + 2*y + 1. Let p be z(-1). Let i(t) = t**3 + 15*t**2 - 2*t - 21. Calculate the remainder when i(p) is divided by 6.
3
Suppose -4*m - s = -385, -m - 387 = -5*m - 3*s. Calculate the remainder when m is divided by 20.
16
Let v be (-1)/(1/(-21)) + 0. Let j = -17 + v. Suppose n = -4*t - 9, -2*n - 3*t = -j*n + 15. Calculate the remainder when 10 is divided by n.
1
Suppose -5*n - 3*v = -859, -346 = -3*n + v + 161. Calculate the remainder when 134 is divided by 4/(-5)*n/(-4).
32
Let c(f) be the second derivative of f**5/20 - 7*f**4/12 - 4*f**3/3 + 3*f**2 - f. Let o = 28 - 19. Calculate the remainder when o is divided by c(8).
3
Let s(t) = 6*t**2 - 3. Let r(i) = -i - 6. Let y be r(-8). Suppose -2*p - 2*f + y = -0*f, -5 = 3*p + f. What is the remainder when s(p) is divided by 26?
25
Let s(j) = 55*j**2 - j + 8. Calculate the remainder when s(-2) is divided by 39.
35
Let q(o) = o**3 + 21*o**2 + 41*o - 29. Suppose 3*i - 38 - 49 = 0. Calculate the remainder when i is divided by q(-3).
9
Calculate the remainder when 0 - (17 + -7)*-5 is divided by ((-2)/3)/(8/(-204)).
16
Suppose 37 - 9 = 4*b. Let g(y) = 9*y - 1. What is the remainder when g(3) is divided by b?
5
Suppose 43 = 18*l - 209. Calculate the remainder when 45 is divided by l.
3
Suppose -10*m - 13 + 253 = 0. Let w(s) = -40*s - 1. Let q be w(-1). Let d = q - m. Calculate the remainder when 29 is divided by d.
14
Let q(a) = -35*a + 2. Calculate the remainder when q(-6) is divided by 49.
16
Suppose -5*w + 5 = -l - 2*l, 4*l = -5*w + 40. Calculate the remainder when 72/1 - w/2 is divided by ((-32)/(-12))/(37/9 - 4).
22
Suppose 4*b + 0*b - 8 = 0. Let k = b + 14. Suppose -2 = u - 11. What is the remainder when k is divided by u?
7
Calculate the remainder when 141 is divided by (-27 - -26)*(-73 + 0).
68
Suppose 104 = f + 7. Let o = -2038 - -2049. Calculate the remainder when f is divided by o.
9
Suppose 0 = -28*r - r + 7424. Calculate the remainder when r is divided by 43.
41
Suppose 3*t - 9 + 474 = 4*p, -353 = -3*p - 2*t. Let q = -64 + p. What is the remainder when q is divided by 14?
11
Let s = -66 - -145. Suppose 4*v = 4*c + 96, c = -5*v + 3*v + 57. What is the remainder when s is divided by v?
25
Suppose 7*o - 78 = o. What is the remainder when 77 is divided by o?
12
Suppose -3*n + 142 = -62. Calculate the remainder when n is divided by 303/21 - ((-18)/(-42) - 0).
12
Let f = -958 + 967. Calculate the remainder when (-16)/5*15/(-2) is divided by f.
6
Suppose 0 = -8*k + 329 - 105. Calculate the remainder when 137 is divided by k.
25
Suppose 5*o - 2*i = 396, 7*o = 11*o + 3*i - 326. Calculate the remainder when 478 is divided by o.
78
Suppose p - 8*g - 41 = -5*g, 112 = 4*p + g. What is the remainder when p is divided by 14?
1
Let h(r) = r**3 - 12*r**2 + 3*r + 16. Let m be h(12). Suppose 0 = -6*l + m + 86. What is the remainder when l is divided by (4/(-3))/(2/(-18))?
11
Suppose -5*y + 15 + 25 = 0. What is the remainder when 23 is divided by y?
7
Let u = 3147 - 2248. Calculate the remainder when u is divided by 75.
74
Let d(p) = -p + 16. Suppose -3*h + 3*i + 7 = 2*h, 5*i = -5*h + 15. Suppose -2*f - h + 6 = 0. Calculate the remainder when d(14) is divided by f.
0
Suppose -59*k - 414 = -62*k. Calculate the remainder when k is divided by 46.
0
Suppose 0 = -4*g + 5*w + 49, -g + w + 1 = -10. What is the remainder when 35 is divided by 13 - -1 - (6 - g)?
7
Let x = -68 - -146. Let w = x + -53. Suppose 4*f = 3*f + w. Calculate the remainder when f is divided by 13.
12
Let c(a) = a + 16. Suppose -2*n + 8 = 4. Suppose -p + 3*q - n = -21, -3*q + 136 = 4*p. Calculate the remainder when p is divided by c(0).
15
Let n(p) = 4*p**3 + 2*p**2 + 8*p - 17. Calculate the remainder when n(2) is divided by 10.
9
Let b = 11 - 11. Suppose 5*t = -20, b*t + 184 = 4*q - 4*t. What is the remainder when 54 is divided by (12/9)/(4/q)?
12
Let p(v) be the first derivative of -v**3/3 - 15*v**2/2 - 6*v + 4. Let l be p(-11). Suppose 0 = -13*m + 15*m - l. What is the remainder when 37 is divided by m?
18
Let g be (5404/98)/(2/14). Suppose 3*p + 4*o = g, -o - 2*o - 133 = -p. What is the remainder when p is divided by 22?
20
Suppose -5*u = -s + 185, -40 = 5*u - 5*s + 125. Suppose l - 5*l = 0, -k - 5*l = 89. Let g = u - k. What is the remainder when g is divided by 27?
24
Suppose 5*v - 208 = -3*v. Suppose -13*l - 2*l + 105 = 0. What is the remainder when v is divided by l?
5
Let w(x) = 17*x + 200. What is the remainder when w(-8) is divided by 13?
12
Suppose -5*n + n + 102 = 2*y, -111 = -4*n - 5*y. Suppose 2*o - 28 = -4*q + 12, 3*o - 36 = -3*q. Calculate the remainder when n is divided by q.
0
Suppose -102 = -2*p - 4*k - 0*k, 0 = 3*k - 3. Suppose -2*l = -p - 1. What is the remainder when 47 is divided by l?
22
Suppose -4*j + 52 = -2*s, -4*j - s + 46 = -0*s. What is the remainder when 134 is divided by (16/j)/(5/(765/6))?
32
What is the remainder when (-8)/(-16) + (-5 - 205/(-2)) is divided by 34?
30
Let j = 351 - 221. Calculate the remainder when j is divided by 42.
4
What is the remainder when (-104)/(-6)*(-750)/(-100) is divided by 70?
60
Let s(b) be the first derivative of -b**4/4 - 8*b**3/3 - 3*b**2/2 - 7*b + 1. Let r be s(-8). Let o = r + 6. What is the remainder when o is divided by 6?
5
Suppose 25 = -c + 6*c. Suppose -c*o - 37 = -3*q, 2*o = -5*q - 2*o. Let w(j) = 6*j - 3. Calculate the remainder when 41 is divided by w(q).
20
Let y(c) = 3*c**3 + 22*c**2 + 5*c - 10. What is the remainder when 141 is divided by y(-7)?
1
Let n = 98 - 54. Let x(w) = w**2 - 25*w + 59. What is the remainder when x(26) is divided by n?
41
Let k(p) = p**3 - 54*p**2 + 158*p + 90. Calculate the remainder when k(51) is divided by 88.
81
Suppose -2*u + 10 = -10. Suppose 815 = -u*j + 2025. Calculate the remainder when j is divided by 41.
39
Suppose -295 = -483*m + 478*m. What is the remainder when m is divided by 12?
11
Let k = 322 - 298. What is the remainder when 143 is divided by k?
23
Let a = 1658 - 1595. What is the remainder when 400 is divided by a?
22
Suppose 0 = -5*y - 5*h + 315, 3*y - 70 = -4*h + 120. What is the remainder when y is divided by 11?
7
Let a(t) = 39*t - 232. What is the remainder when a(13) is divided by 12?
11
Let t(v) = v**3 - 5*v**2 - 2*v + 9. Let j = 21 + -73. Let c = -35 - j. What is the remainder when t(6) is divided by c?
16
Suppose 3*o - 66 = 15. Suppose b - 28 = 17*y - 21*y, 2*y = -3*b + 84. Let r = b - o. What is the remainder when 1 is divided by r?
0
Let w = -8 + 35. Let i = -12 - -6. Let y(b) = -b**2 - 9*b - 4. What is the remainder when w is divided by y(i)?
13
Suppose 2569*w - 2570*w + 617 = 0. Calculate the remainder when w is divided by 20.
17
Let i(k) = k**2 - 5*k - 13. Let f be i(-7). Suppose -166 + f = -j. Let w(p) = 2*p**2 + p + 3. What is the remainder when j is divided by w(3)?
23
Let x(d) = d**3 + 13*d**2 + 9*d + 35. Calculate the remainder when x(-9) is divided by 99.
80
Suppose 0 = 5*k + 4*u - 124, -3*k + u = 30 - 101. What is the remainder when (-6)/k + 61/4 is divided by 6?
3
What is the remainder